9).
-10
Let f(v) = -v**3 - 241*v**2 - 18443*v - 4293619. Give f(-239).
16
Let f(m) = -m**2 - 41*m + 588. Give f(-42).
546
Let w(z) = 4*z**2 + 69*z - 958. Calculate w(8).
-150
Let i(p) = 2684*p**2 - 16083*p - 153. What is i(6)?
-27
Let o(v) = 4*v**3 - 15*v**2 - 171*v + 210. What is o(7)?
-350
Let p(u) = u**3 + 14*u**2 - 9419*u - 56795. Calculate p(-6).
7
Let v(b) = -b**2 - 33706*b + 5656781. What is v(167)?
-10
Let x(s) = -12594*s + 214118. Give x(17).
20
Let b(a) = -4*a**3 - 734*a**2 + 407*a + 7292. What is b(-184)?
116
Let m(v) = 46291*v - 2592274. Calculate m(56).
22
Let o(v) = 4*v**3 + 4*v**2 + v. Calculate o(2).
50
Let b(s) = s**2 - 119*s - 1746. Calculate b(132).
-30
Let c(h) = 113*h - 8003. Determine c(70).
-93
Let k(v) = 1099*v**2 - 147267*v + 121. Determine k(134).
-13
Let v(s) = 15*s**3 - 19*s**2 + 140*s + 17. Give v(5).
2117
Let t(i) = -2*i**2 + 17*i - 157. Determine t(11).
-212
Let a(w) = 2326*w + 102316. Give a(-44).
-28
Let i(q) = -36*q**2 - 81*q - 557. Calculate i(-6).
-1367
Let j(m) = 83*m + 6243. What is j(-85)?
-812
Let r(o) = 360*o + 1388. Calculate r(-4).
-52
Let t(v) = 46*v**2 - 24*v - 29. What is t(0)?
-29
Let a(m) = 14858*m**2 - 59439*m + 8. What is a(4)?
-20
Let f(k) = k**2 + 572*k - 44212. Give f(69).
17
Let c(b) = 4*b**3 + 116*b - 613. Determine c(6).
947
Let s(o) = 265*o + 7219. Give s(-16).
2979
Let r(c) = -100410*c - 2108624. Determine r(-21).
-14
Let u(i) = i**2 + 37455*i + 187287. Calculate u(-5).
37
Let a(s) = s**2 - 13846*s - 360803. Calculate a(-26).
-131
Let n(v) = 2*v**3 - 115*v**2 + 546*v + 1323. Give n(52).
-29
Let h(f) = -2620*f + 193541. Calculate h(74).
-339
Let d(u) = -7*u**3 + 112*u**2 - 288*u + 118. Calculate d(2).
-66
Let x(z) = z**3 + 31*z**2 + 181*z + 730. Determine x(-25).
-45
Let g(r) = r**2 - 18*r + 79. Determine g(31).
482
Let h(d) = -d**3 - 719*d**2 - 6365*d + 328. What is h(-9)?
103
Let o(u) = 141*u**3 - 22419*u**2 - 2*u + 326. Determine o(159).
8
Let a(w) = 94*w - 829. What is a(3)?
-547
Let i(g) = 4749*g + 303922. Give i(-64).
-14
Let b(d) = -d**3 - 79*d**2 + 30*d + 14099. Give b(-77).
-69
Let l(v) = -496492*v + 1489329. Give l(3).
-147
Let u(x) = 148*x**2 - 5303*x - 875. What is u(36)?
25
Let k(g) = 6739*g - 397608. What is k(59)?
-7
Let w(p) = -p**3 - 3*p**2 - 561*p + 564. Calculate w(1).
-1
Let v(k) = -k**3 + 34*k**2 - 40*k + 317. Calculate v(33).
86
Let t(p) = 24*p**2 + 1162*p - 715. Calculate t(-49).
-29
Let h(o) = -2202599*o - 6607791. What is h(-3)?
6
Let f(p) = -64*p**2 - 2813*p + 119. What is f(-44)?
-13
Let v(j) = j**3 + 78*j**2 + 4018*j + 313394. Calculate v(-78).
-10
Let h(f) = -3*f**2 - 60*f + 188. Calculate h(-15).
413
Let h(y) = -336*y + 8300. Calculate h(25).
-100
Let f(c) = 10*c**3 - 40*c**2 - 165*c + 797. Calculate f(7).
1112
Let i(w) = w**3 + 47*w**2 + 35*w + 6513. Give i(-49).
-4
Let u(y) = -368*y - 2638. Give u(-9).
674
Let h(p) = -563*p - 28703. Determine h(-51).
10
Let s(q) = -6*q**3 + 47*q**2 - 119*q - 18. What is s(3)?
-114
Let u(w) = -696*w**2 + 2795*w - 23. Determine u(4).
21
Let y(t) = 461*t - 3274. Determine y(6).
-508
Let u(b) = -b**3 - 56*b**2 - 203*b + 7123. Determine u(-49).
263
Let g(v) = v**3 - 61*v**2 - 1449*v + 9558. Give g(78).
-36
Let c(n) = -4*n**2 - 1024*n + 7432. Determine c(-263).
68
Let u(l) = l**3 + 9*l**2 - 23*l - 8. Give u(-13).
-385
Let u(h) = -2*h**2 + 147*h + 29682. Determine u(164).
-2
Let v(u) = -7994*u + 87929. Give v(11).
-5
Let t(s) = 4*s**3 - 24*s**2 + 113*s - 72. Determine t(-7).
-3411
Let m(f) = -88*f**2 - 18651*f + 349. Determine m(-212).
-711
Let b(l) = -5443*l + 533409. Determine b(98).
-5
Let t(q) = -33211*q + 199263. Determine t(6).
-3
Let d(f) = -39199*f - 2194687. Calculate d(-56).
457
Let y(b) = -5316*b + 112. Calculate y(0).
112
Let i(a) = -2145*a - 53537. Give i(-25).
88
Let p(u) = u**3 - 247*u**2 + 2184*u - 10142. Calculate p(238).
-146
Let d(i) = 5*i**2 + 13715*i + 3. What is d(0)?
3
Let g(p) = -30*p**2 - 864*p + 26. Determine g(-32).
-3046
Let p(n) = 1767*n**2 + 44814*n + 15981. Give p(-25).
6
Let h(l) = 5589*l - 4012886. Calculate h(718).
16
Let r(s) = -38267*s + 344422. Determine r(9).
19
Let n(b) = 2*b**3 - 1216*b**2 - 21245*b + 35. What is n(-17)?
-50
Let i(k) = k**3 - 21732*k - 130180. Give i(-6).
-4
Let u(i) = -3*i**3 - 16*i**2 - 286*i - 2809. Determine u(-8).
-9
Let t(k) = -k**2 - 1093*k + 621800. What is t(413)?
-178
Let b(o) = 23*o**3 + 253*o**2 + 100*o + 1088. What is b(-11)?
-12
Let i(a) = 42*a**2 + 88956*a + 9. Calculate i(-2118).
9
Let n(j) = -5*j**2 + 780*j + 1892. Determine n(158).
312
Let k(a) = -203*a + 32272. What is k(159)?
-5
Let q(l) = -2872*l + 19381. What is q(7)?
-723
Let t(r) = r**2 + 2589*r + 328899. Give t(-134).
-71
Let p(t) = -82*t**2 + 24606*t + 148712. Determine p(306).
-4
Let d(x) = -x**2 + 306*x - 18240. Determine d(80).
-160
Let g(d) = -18*d**3 - 646*d**2 - 3640*d - 4. Give g(-7).
-4
Let q(c) = -7444*c - 89107. Calculate q(-12).
221
Let z(p) = 14*p**3 - 1129*p**2 - 417*p - 89. Give z(81).
-1061
Let n(w) = -2*w**3 + 82*w**2 + 60*w + 2103. Determine n(42).
1095
Let r(l) = 9*l**2 + 203*l + 2074. Determine r(-10).
944
Let f(j) = j**3 - 38*j**2 + 45*j + 1795. Calculate f(35).
-305
Let r(u) = -u**2 + 222*u - 4323. What is r(20)?
-283
Let m(v) = v**3 + 154*v**2 + 3978*v - 219. Give m(-33).
276
Let y(p) = -99168*p + 99169. Calculate y(1).
1
Let s(p) = -383*p**2 + 54382*p + 558. Give s(142).
-10
Let f(x) = 10*x**2 - 53*x + 44. What is f(3)?
-25
Let s(d) = -15*d**2 - 9511*d - 639. Give s(-634).
-5
Let f(z) = -6*z**2 + 2200*z + 14172. Calculate f(373).
-2
Let k(y) = y**3 + 53*y**2 - 1289*y + 9. Determine k(18).
-189
Let r(p) = 4*p**3 - 28*p**2 - 240*p - 43. What is r(12)?
-43
Let v(x) = -2*x**3 - 201*x**2 - 676*x + 289. Calculate v(-97).
-2
Let q(y) = -52*y - 3123. Calculate q(-32).
-1459
Let x(u) = 34*u**2 + 4527*u - 13630. Calculate x(3).
257
Let a(o) = 5*o**3 + 735*o**2 - 745*o + 93. Give a(-148).
833
Let n(z) = 7085*z - 85837. Determine n(12).
-817
Let u(l) = 169*l + 3022. Determine u(-28).
-1710
Let t(l) = -4*l**2 + 1447*l - 117252. Give t(239).
97
Let f(z) = 6*z**3 - 40*z**2 + 1149*z - 11474. Calculate f(9).
1
Let i(n) = n**2 - 67*n + 1150. What is i(40)?
70
Let k(a) = -a**2 + 25198*a - 2484805. Calculate k(99).
-4
Let v(t) = -t**2 + 66*t - 1022. What is v(34)?
66
Let h(i) = i**2 + 4502*i - 432028. Give h(94).
-4
Let z(o) = o**2 + 1508*o + 45780. Give z(-31).
-7
Let k(f) = 25802*f - 670842. Calculate k(26).
10
Let q(i) = -7*i**2 + 273*i - 1555. Calculate q(31).
181
Let k(s) = -471*s**2 + 29662*s + 699. Give k(63).
6
Let h(p) = -490*p + 20861. What is h(42)?
281
Let k(h) = 3*h**3 + 23*h**2 + 71*h + 514. Calculate k(-8).
-118
Let j(w) = -w**3 + 4*w**2 + 479*w + 160. What is j(25)?
-990
Let k(b) = 2*b**3 + 433*b**2 - 4307*b - 2943. Determine k(-226).
-5
Let v(d) = -31*d**3 - 6*d**2 + 97*d - 94. What is v(1)?
-34
Let n(x) = 3577*x - 114417. What is n(32)?
47
Let h(a) = 7498*a - 307366. Determine h(41).
52
Let u(j) = 36*j**2 - 1014*j + 206. Determine u(27).
-928
Let s(c) = 1392*c - 373034. Determine s(268).
22
Let n(m) = -44*m**3 + 5*m**2 + 27*m - 30. What is n(1)?
-42
Let w(f) = -134*f - 608. What is w(-4)?
-72
Let b(y) = 8392*y + 3188920. What is b(-380)?
-40
Let f(i) = 6022*i - 1487427. Calculate f(247).
7
Let m(x) = -1945*x + 192720. What is m(99)?
165
Let y(p) = 12198*p + 61080. Give y(-5).
90
Let d(w) = 53*w**3 + 409*w**2 - 102*w + 94. Give d(-8).
-50
Let d(r) = 4*r**3 + 19*r**2 + 7*r + 511. Calculate d(-10).
-1659
Let z(j) = -38*j + 1676. What is z(12)?
1220
Let w(f) = -4*f**2 - 105*f + 69. What is w(-28)?
-127
Let x(l) = -3690*l**2 + 33213*l + 44. Give x(9).
71
Let l(g) = 11012*g - 11028. Calculate l(1).
-16
Let y(v) = 655*v - 140814. Determine y(215).
11
Let s(i) = -62*i**2 + 199*i + 682. Determine s(7).
-963
Let i(d) = d**2 - 16*d + 31. Calculate i(31).
496
Let t(m) = 4*m**3 - 5251*m**2 - 21043*m + 3. What is t(-4)?
-97
Let i(g) = -g**2 + 994*g + 1999. Give i(-2).
7
Let q(g) = -12*g**3 - 823*g**2 - 240*g - 40363. Calculate q(-69).
2
Let f(l) = 4636*l - 40883. Give f(9).
841
Let a(z) = -4*z**3 + 269*z**2 - 107*z + 420. Calculate a(67).
-2260
Let i(a) = a**2 + 4615*a + 322629. Calculate i(-71).
5
Let p(k) = 356*k - 1308. Give p(2).
-596
Let k(x) = -77015*x - 231262. Give k(-3).
-217
L